 + 62*q - 725. Give c(0).
-725
Let l(h) = -2*h**2 - 539*h - 28659. Determine l(-198).
-345
Let q(n) = -38097*n + 1561873. Give q(41).
-104
Let k(h) = -h**3 + 26*h**2 + 1045*h - 27303. Determine k(32).
-7
Let k(n) = n - 56. Give k(-11).
-67
Let r(d) = 144590*d - 2891798. What is r(20)?
2
Let v(h) = -7617*h - 274211. Give v(-36).
1
Let i(m) = -96*m + 5789. Give i(65).
-451
Let c(s) = 2*s**3 - 82*s**2 + 135*s - 2081. What is c(40)?
119
Let a(f) = -20*f**3 - 22*f**2 + 49*f + 51. Determine a(-1).
0
Let v(d) = -11764*d - 330008. Calculate v(-28).
-616
Let b(g) = -144*g**2 + 6292*g + 1945. Calculate b(44).
9
Let l(b) = -b**2 - 1720*b - 27290. Give l(-16).
-26
Let r(u) = -2633*u + 139533. What is r(53)?
-16
Let x(g) = 132*g**2 + 2531*g + 47. Give x(-20).
2227
Let k(l) = -53*l + 11881. What is k(224)?
9
Let n(c) = 15*c**3 + 1141*c**2 + 78*c + 83. Calculate n(-76).
-69
Let d(v) = -v**3 + 17*v**2 + v - 56. Calculate d(5).
249
Let q(y) = -2696*y + 32731. Give q(12).
379
Let d(x) = 147780*x - 6058988. Calculate d(41).
-8
Let m(u) = u**3 - 125*u**2 - 341*u + 42509. Determine m(125).
-116
Let h(o) = -6*o**3 + 54*o**2 + 212*o - 14. What is h(-4)?
386
Let x(s) = -815*s - 3035. Calculate x(-5).
1040
Let p(c) = 44*c**2 + 2131*c + 4281. Determine p(-2).
195
Let c(s) = -4*s**3 + 201*s**2 + 29073*s - 341. What is c(114)?
1
Let s(t) = 6976*t - 62854. Calculate s(9).
-70
Let t(i) = -3*i**2 - 23860*i + 262546. What is t(11)?
-277
Let v(x) = 3*x**3 + 136*x**2 + 21*x - 844. Calculate v(-45).
236
Let f(m) = 2*m**3 - 813*m**2 + 19411*m + 7615. Determine f(381).
-5
Let o(c) = -921*c - 21092. Determine o(-27).
3775
Let j(r) = 134*r + 2851. Give j(-29).
-1035
Let f(h) = 3*h**3 - 23*h**2 - 5815*h + 350. Give f(48).
14
Let o(d) = d**3 - 22*d**2 + 135*d - 219. Calculate o(5).
31
Let m(a) = 64*a + 193. Determine m(-5).
-127
Let p(n) = -2*n**2 - 9199*n + 370983. What is p(40)?
-177
Let a(q) = -q**2 + 7361*q - 640023. Give a(88).
1
Let n(h) = -52*h**2 + 5041*h - 15. Give n(97).
-306
Let t(n) = 21*n**2 - 2107*n - 8396. Determine t(-4).
368
Let w(i) = 51*i**2 - 8089*i + 282726. What is w(52)?
2
Let d(b) = 374*b**2 + 2308*b + 28. What is d(-6)?
-356
Let n(m) = -5*m**2 - 277*m + 138. What is n(-54)?
516
Let b(j) = 4*j**2 + 871*j - 9131. Determine b(10).
-21
Let u(j) = 82088*j - 82081. What is u(1)?
7
Let z(g) = -28680*g - 372785. What is z(-13)?
55
Let z(p) = 2*p**3 + 5149*p**2 - 72478*p + 9. Determine z(14).
9
Let h(s) = 49531*s + 30. Give h(0).
30
Let c(h) = 2*h**3 + 51*h**2 + 94*h + 3116. Calculate c(-26).
-4
Let g(h) = 12*h - 443. Calculate g(39).
25
Let v(w) = -1035*w - 62583. Give v(-60).
-483
Let u(s) = 13*s**3 - 1883*s**2 + 14247*s - 123. Give u(8).
-3
Let i(n) = n**2 + 109*n + 1913. Give i(-82).
-301
Let d(i) = -i**3 - 21*i**2 - 2159*i - 35552. What is d(-17)?
-5
Let k(m) = 3164*m - 598307. Calculate k(189).
-311
Let a(c) = -1625*c + 437527. What is a(269)?
402
Let x(l) = -1165*l**2 + 54911*l - 7323. Calculate x(47).
9
Let y(w) = 13084*w - 418701. Calculate y(32).
-13
Let j(m) = -m**2 + 129*m - 4187. What is j(68)?
-39
Let d(a) = -4*a**2 - 328*a + 1373. Calculate d(4).
-3
Let x(i) = 141*i**2 - 1164*i + 1214. What is x(1)?
191
Let c(y) = 70*y + 257. Calculate c(5).
607
Let g(o) = 6827*o - 23389. Give g(3).
-2908
Let m(o) = -3*o**3 - 18*o**2 + o - 20. Determine m(-9).
700
Let f(i) = 50*i**2 + 473*i + 617. Give f(-9).
410
Let u(s) = -8*s**2 + 54*s + 29350. Calculate u(64).
38
Let a(k) = -884*k - 1076. What is a(-1)?
-192
Let f(t) = -1676*t - 125680. Determine f(-75).
20
Let v(s) = 4*s**3 + 27*s**2 + 24*s + 55. What is v(-7)?
-162
Let w(u) = 5588*u - 4689. Give w(1).
899
Let o(k) = -1952*k - 21302. What is o(-11)?
170
Let f(q) = 2*q**3 - 229*q**2 - 1571*q - 233. Give f(121).
9
Let w(t) = -2*t**3 - 365*t**2 + 7876*t - 399. Determine w(-202).
5
Let s(u) = 861*u - 5507. Determine s(5).
-1202
Let o(p) = 20*p**2 + 1736*p - 300. Determine o(-87).
48
Let g(t) = -t**3 - 34*t**2 + 84*t + 30. What is g(-36)?
-402
Let m(a) = -a**3 + 3*a**2 - 135958*a + 407878. Determine m(3).
4
Let b(n) = 6823*n - 2879284. Give b(422).
22
Let b(c) = -41*c**3 + 1723*c**2 - 34*c - 315. Give b(42).
21
Let o(f) = -155*f - 34146. What is o(-227)?
1039
Let n(f) = f**3 - 16*f**2 + 75*f - 3. Give n(12).
321
Let p(l) = 2558*l + 211939. Give p(-83).
-375
Let t(o) = -o**3 + 52*o**2 - 157*o + 2454. Give t(52).
-5710
Let z(w) = -2*w**3 + 11*w**2 + 27010*w - 215787. Give z(8).
-27
Let h(v) = 344*v - 5047. What is h(15)?
113
Let v(t) = -2*t**3 + 19*t**2 + 71*t - 244. Give v(14).
-1014
Let w(p) = p**3 - 45*p**2 - 4716*p + 1673. What is w(-50)?
-27
Let h(n) = -3*n**3 - 30*n**2 + 170*n + 12. Determine h(6).
-696
Let q(o) = -6*o**3 - 1847*o**2 + 2127*o - 11358. Give q(-309).
-234
Let x(i) = -i**3 - 192*i**2 + 5616*i - 11340. Determine x(-218).
-4
Let q(f) = f**2 - 62*f - 520. Calculate q(-8).
40
Let u(a) = -a**3 + 22*a**2 + 10133*a - 213180. Determine u(21).
54
Let p(l) = -6203*l + 1377089. Calculate p(222).
23
Let x(f) = -5*f**2 + 19709*f + 118387. Determine x(-6).
-47
Let y(v) = -v**3 + 62*v**2 - 797*v - 30. Determine y(45).
-1470
Let l(f) = 2*f**2 + 89*f + 215. Calculate l(-43).
86
Let p(q) = 347*q + 36477. Determine p(-105).
42
Let r(q) = 15*q**2 + 330*q + 716. Calculate r(-19).
-139
Let i(o) = -o**2 - 106*o - 3065. Determine i(-67).
-452
Let m(x) = -139*x + 8763. Give m(65).
-272
Let a(o) = 14818*o - 88233. Determine a(6).
675
Let k(q) = -q**3 - 13*q**2 + 40*q - 29. Calculate k(4).
-141
Let r(z) = 4*z**2 + 1492*z + 10531. What is r(-7)?
283
Let p(s) = -4*s**3 - 8*s + 850. What is p(0)?
850
Let k(t) = 192*t - 139. Calculate k(-3).
-715
Let y(o) = -10025*o**2 + 190480*o - 83. Give y(19).
12
Let c(f) = 4*f**2 - 7541*f + 37707. Give c(5).
102
Let a(i) = 12288*i + 1032188. What is a(-84)?
-4
Let m(u) = -124*u**2 + 1888*u - 2101. What is m(14)?
27
Let m(c) = -414*c + 19744. Determine m(48).
-128
Let r(j) = -2*j**2 + 1933*j - 422469. What is r(334)?
41
Let y(p) = 8368*p - 284505. What is y(34)?
7
Let r(s) = -s**3 - 33*s**2 + 1354*s + 511. Calculate r(-57).
1309
Let o(h) = 24065*h - 42546926. Calculate o(1768).
-6
Let o(g) = -224792*g - 1798321. Calculate o(-8).
15
Let o(c) = -23*c**2 - 159*c + 764. What is o(7)?
-1476
Let r(z) = 22*z**3 - 3*z**2 + 13*z - 49. What is r(-6)?
-4987
Let x(i) = 2*i - 548. Give x(-24).
-596
Let f(c) = c**2 + 2430*c - 41584. Give f(17).
15
Let z(x) = 2*x**3 - 36*x**2 + 281*x - 4179. Calculate z(17).
20
Let l(h) = -107*h**2 + 317*h + 62. Determine l(3).
50
Let q(p) = 307*p**2 - 188*p. Give q(-1).
495
Let w(s) = -6592*s - 131588. What is w(-20)?
252
Let j(w) = 246*w + 10523. What is j(-41)?
437
Let u(a) = -2386*a**2 - 35795*a - 62. Determine u(-15).
13
Let g(s) = 17854*s - 464209. Calculate g(26).
-5
Let x(c) = -59494*c - 2082297. What is x(-35)?
-7
Let y(l) = 27118*l - 135590. Give y(5).
0
Let w(z) = 20357*z - 122123. Determine w(6).
19
Let p(j) = -73*j**2 - 3075*j + 196. Determine p(-42).
574
Let l(k) = 1539*k + 6359. Give l(-4).
203
Let x(b) = -b**2 + 3031*b + 57896. Determine x(-19).
-54
Let z(n) = -2*n**2 + 2090*n + 21214. Determine z(-10).
114
Let p(f) = 2*f**2 + 208*f + 3562. What is p(-79)?
-388
Let w(d) = 12354*d - 691870. What is w(56)?
-46
Let u(f) = 8*f**3 - 110*f**2 + 1023*f - 14720. Determine u(14).
-6
Let m(b) = -387*b + 6906. Calculate m(21).
-1221
Let q(y) = 1664*y**2 + 893569*y + 577. Calculate q(-537).
40
Let l(o) = 22*o**2 + 143733*o + 718125. Determine l(-5).
10
Let n(a) = a**3 + 24*a**2 - 3804*a - 88024. Determine n(-23).
-3
Let g(c) = 268*c**2 - 85*c + 84. What is g(1)?
267
Let v(f) = -f**3 + 8*f**2 + 6*f - 111. Determine v(6).
-3
Let m(b) = 147*b**2 - 1428*b - 1427. What is m(-1)?
148
Let s(g) = -g**3 + 99*g**2 - 175*g + 17332. Give s(99).
7
Let l(r) = -580*r + 6302. Give l(11).
-78
Let b(q) = -90*q + 8932. What is b(118)?
-1688
Let c(p) = 11*p**2 - 351*p - 617. Give c(31).
-927
Let s(k) = 241*k**3 + 36*k**2 + 64*k - 10. Give s(-2).
-1922
Let j(k) = -853*k - 51171. Determine j(-60).
9
Let j(s) = 2*s**3 + 93*s**2 - 462*s - 135. Give j(-51).
18
Let r(o) = 66*o**3 + 8*o**2 - 53*o + 48. Calculate r(1).
69
Let y(i) = 194*i - 108. Calculate y(-3).
-690
Let q(k) = 13520*k + 5380971. Determine q(-398).
11
Let j(h) = -h**3 + 71*h**2 - 713*h - 264. What is j(13)?
269
Let x(s) = -74758